f 9?
False
Is 48 a factor of 317982?
False
Does 176 divide 423298?
False
Is 33 a factor of 296292?
False
Is 22 a factor of 312180?
True
Does 95 divide 6827914?
False
Is 87 a factor of 49513?
False
Does 18 divide 68888?
False
Is 217036 a multiple of 44?
False
Does 142 divide 310980?
True
Is 2122923 a multiple of 69?
True
Does 407 divide 26346?
False
Does 23 divide 604946?
True
Does 12 divide 4172249?
False
Is 7241582 a multiple of 101?
False
Is 128022 a multiple of 559?
False
Is 4 a factor of 84534?
False
Is 76 a factor of 2189258?
False
Is 1928121 a multiple of 6?
False
Is 602 a factor of 2219574?
True
Is 8 a factor of 229891?
False
Does 8 divide 311479?
False
Does 24 divide 207288?
True
Is 124462 a multiple of 299?
False
Is 56044 a multiple of 4?
True
Is 76006 a multiple of 14?
True
Is 603200 a multiple of 208?
True
Does 703 divide 3174045?
True
Is 83855 a multiple of 158?
False
Is 3325937 a multiple of 24?
False
Does 444 divide 164280?
True
Is 24 a factor of 1303079?
False
Is 262 a factor of 61983?
False
Is 296668 a multiple of 257?
False
Is 579600 a multiple of 25?
True
Is 512 a factor of 1856839?
False
Does 123 divide 8300625?
False
Is 336699 a multiple of 537?
True
Is 19 a factor of 88996?
True
Is 3009286 a multiple of 1030?
False
Does 973 divide 969720?
False
Is 14 a factor of 10396834?
True
Does 197 divide 68359?
True
Does 13 divide 25194546?
True
Is 25 a factor of 480228?
False
Is 16 a factor of 210960?
True
Is 1980770 a multiple of 55?
True
Does 6 divide 523821?
False
Does 112 divide 2513392?
True
Is 155682 a multiple of 30?
False
Does 52 divide 119184?
True
Is 7 a factor of 208965?
False
Is 2086640 a multiple of 535?
False
Is 4450425 a multiple of 245?
True
Does 552 divide 2222352?
True
Is 10 a factor of 109659?
False
Does 148 divide 259888?
True
Does 117 divide 106002?
True
Is 874728 a multiple of 50?
False
Does 35 divide 378775?
False
Is 84 a factor of 7436257?
False
Does 12 divide 319524?
True
Is 816 a factor of 3791952?
True
Is 26 a factor of 13803643?
False
Is 218889 a multiple of 201?
True
Is 477 a factor of 2646873?
True
Does 19 divide 6267891?
True
Is 353998 a multiple of 263?
True
Does 9 divide 53829?
True
Is 818887 a multiple of 12?
False
Is 236276 a multiple of 8?
False
Does 24 divide 11191?
False
Is 112278 a multiple of 59?
False
Is 30550 a multiple of 3?
False
Is 21517206 a multiple of 376?
False
Is 943 a factor of 8284696?
False
Is 15 a factor of 1858399?
False
Is 4 a factor of 347770?
False
Does 25 divide 26611533?
False
Does 15 divide 45157?
False
Does 25 divide 1422182?
False
Does 163 divide 7689080?
False
Is 121980 a multiple of 60?
True
Is 141856 a multiple of 143?
True
Is 76557 a multiple of 42?
False
Does 15 divide 2520?
True
Does 52 divide 124776?
False
Is 106 a factor of 314721?
False
Is 2833596 a multiple of 54?
True
Is 176 a factor of 663872?
True
Is 37 a factor of 1291946?
False
Is 88550 a multiple of 2?
True
Is 386995 a multiple of 260?
False
Is 325 a factor of 5186350?
True
Does 168 divide 744072?
True
Is 12 a factor of 73872?
True
Does 366 divide 2796972?
True
Is 167482 a multiple of 562?
False
Is 272573 a multiple of 23?
True
Is 158 a factor of 2105192?
True
Is 394596 a multiple of 194?
True
Is 34 a factor of 4103905?
False
Does 4 divide 1258457?
False
Is 178436 a multiple of 13?
False
Is 137213 a multiple of 14?
False
Does 640 divide 2452480?
True
Is 122 a factor of 28064270?
True
Does 148 divide 288599?
False
Does 15 divide 165522?
False
Does 26 divide 92143?
False
Is 158880 a multiple of 240?
True
Is 48 a factor of 420384?
True
Is 78 a factor of 4979363?
False
Does 138 divide 476238?
True
Is 8 a factor of 90504?
True
Is 1007574 a multiple of 307?
True
Is 61 a factor of 19398?
True
Does 363 divide 3857238?
True
Does 3 divide 217677?
True
Is 1201 a factor of 111166?
False
Is 60411 a multiple of 39?
True
Does 19 divide 5301722?
True
Is 98325 a multiple of 348?
False
Does 11 divide 3055252?
False
Is 16613 a multiple of 37?
True
Does 13 divide 378939?
False
Does 452 divide 515211?
False
Is 471791 a multiple of 1245?
False
Is 17 a factor of 594040?
False
Is 4 a factor of 2097160?
True
Is 119 a factor of 3274327?
False
Is 64262 a multiple of 189?
False
Is 57687 a multiple of 21?
True
Does 23 divide 1519495?
True
Does 155 divide 33480?
True
Does 819 divide 9796373?
False
Does 8 divide 4916336?
True
Does 149 divide 1477484?
True
Does 12 divide 17880?
True
Is 141 a factor of 317955?
True
Is 176 a factor of 113344?
True
Is 396 a factor of 1950300?
True
Does 196 divide 2007236?
True
Does 52 divide 38270?
False
Does 9 divide 242711?
False
Is 127 a factor of 506593?
False
Does 300 divide 16699807?
False
Is 148 a factor of 4282740?
False
Is 105 a factor of 15390795?
True
Is 15 a factor of 13395?
True
Is 898 a factor of 3006177?
False
Does 8 divide 1758744?
True
Is 109468 a multiple of 30?
False
Does 81 divide 2349?
True
Does 61 divide 14777616?
True
Is 44 a factor of 292460?
False
Does 237 divide 433710?
True
Does 27 divide 1151118?
True
Is 3856420 a multiple of 61?
True
Is 31620 a multiple of 527?
True
Does 69 divide 25585062?
True
Does 5 divide 3422153?
False
Is 27 a factor of 279417?
False
Is 137006 a multiple of 39?
False
Does 21 divide 13589247?
True
Is 207976 a multiple of 28?
False
Does 98 divide 3907848?
True
Is 1991014 a multiple of 232?
False
Does 220 divide 144760?
True
Does 33 divide 1396527?
True
Does 18 divide 61520?
False
Is 362 a factor of 29684?
True
Does 275 divide 1142443?
False
Is 6 a factor of 2584962?
True
Is 42 a factor of 46659?
False
Is 27 a factor of 13069?
False
Is 4172312 a multiple of 87?
False
Is 19 a factor of 22084?
False
Is 21866211 a multiple of 36?
False
Is 17670766 a multiple of 44?
False
Does 17 divide 9806450?
True
Does 13 divide 6313385?
True
Is 12 a factor of 120939?
False
Is 300 a factor of 2155352?
False
Does 506 divide 3137706?
True
Is 1192356 a multiple of 18?
True
Is 19414 a multiple of 9?
False
Is 71 a factor of 6471206?
False
Is 1417795 a multiple of 46?
False
Does 27 divide 18414?
True
Is 1339696 a multiple of 62?
True
Does 219 divide 166878?
True
Is 16 a factor of 16213408?
True
Is 806248 a multiple of 110?
False
Is 980514 a multiple of 122?
True
Is 241 a factor of 3256874?
True
Is 15 a factor of 855228?
False
Is 17 a factor of 50314?
False
Does 174 divide 1262202?
False
Does 534 divide 15091?
False
Is 91907 a multiple of 3?
False
Is 486816 a multiple of 22?
True
Is 83014 a multiple of 81?
False
Does 331 divide 767013?
False
Does 45 divide 1885590?
True
Does 9 divide 1565463?
False
Is 610764 a multiple of 661?
True
Is 11 a factor of 176220?
True
Does 17 divide 1735175?
False
Does 2 divide 379021?
False
Does 11 divide 38192?
True
Does 690 divide 2783704?
False
Does 138 divide 12876090?
True
Is 87 a factor of 19836?
True
Is 68120 a multiple of 10?
True
Is 217 a factor of 1160708?
False
Does 2605 divide 16872585?
True
Does 356 divide 890712?
True
Does 130 divide 813930?
True
Is 464 a factor of 2074080?
True
Does 99 divide 5047635?
False
Is 23690 a multiple of 103?
True
Is 19471488 a multiple of 64?
True
Is 56962 a multiple of 140?
False
Does 24 divide 56832?
True
Does 131 divide 251729?
False
Is 1794364 a multiple of 44?
True
Is 10657980 a multiple of 54?
True
Is 67210 a multiple of 16?
False
Does 93 divide 125901?
False
Is 9 a factor of 1628298?
True
Is 96 a factor of 12004732?
False
Is 1176 a factor of 3276150?
False
Is 63 a factor of 612423?
True
Is 35 a factor of 3291365?
True
Is 48 a factor of 884643?
False
Does 129 divide 5547?
True
Does 31 divide 37293?
True
Is 13741590 a multiple of 21?
False
Does 270 divide 1998000?
True
Does 27 divide 7328367?
True
Does 354 divide 6606702?
True
Is 27 a factor of 1116153?
True
Does 475 divide 4268350?
True
Is 7 a factor of 106971?
False
Does 12 divide 224724?
True
Is 254 a factor of 6273702?
False
Is 839235 a multiple of 6?
False
Is 12 a factor of 4534051?
False
Does 23 divide 8818?
False
Does 112 divide 1417808?
True
Does 48 divide 152256?
True
Is 691932 a multiple of 46?
True
Is 15 a factor of 646590?
True
Is 50 a factor of 1305636?
False
Is 32 a factor of 110944?
True
Does 120 divide 1116120?
True
Does 97 divide 282270?
True
Is 8996421 a multiple of 8?
False
Is 16 a factor of 1212304?
True
Is 140 a factor of 6382600?
Tru